{"id":15328,"date":"2026-01-20T16:52:02","date_gmt":"2026-01-20T15:52:02","guid":{"rendered":"https:\/\/mdecomunicacion.com\/gb\/?page_id=15328"},"modified":"2026-01-20T16:53:21","modified_gmt":"2026-01-20T15:53:21","slug":"condiciones-generales","status":"publish","type":"page","link":"https:\/\/www.bodegasgranbazan.com\/condiciones-generales\/","title":{"rendered":"Condiciones generales de contrataci\u00f3n"},"content":{"rendered":"\t\t<div data-elementor-type=\"wp-page\" data-elementor-id=\"15328\" class=\"elementor elementor-15328\" data-elementor-post-type=\"page\">\n\t\t\t\t<div class=\"elementor-element elementor-element-69344ba9 e-flex e-con-boxed e-con e-parent\" data-id=\"69344ba9\" data-element_type=\"container\" data-e-type=\"container\">\n\t\t\t\t\t<div class=\"e-con-inner\">\n\t\t\t\t<div class=\"elementor-element elementor-element-35a8900 elementor-widget elementor-widget-spacer\" data-id=\"35a8900\" data-element_type=\"widget\" data-e-type=\"widget\" data-widget_type=\"spacer.default\">\n\t\t\t\t<div class=\"elementor-widget-container\">\n\t\t\t\t\t\t\t<div class=\"elementor-spacer\">\n\t\t\t<div class=\"elementor-spacer-inner\"><\/div>\n\t\t<\/div>\n\t\t\t\t\t\t<\/div>\n\t\t\t\t<\/div>\n\t\t\t\t<div class=\"elementor-element elementor-element-47a00a07 elementor-widget elementor-widget-text-editor\" data-id=\"47a00a07\" data-element_type=\"widget\" data-e-type=\"widget\" data-widget_type=\"text-editor.default\">\n\t\t\t\t<div class=\"elementor-widget-container\">\n\t\t\t\t\t\t\t\t\t<h1 style=\"text-align: center;\"><strong>CONDICIONES GENERALES DE CONTRATACI\u00d3N <\/strong><\/h1>\n<h3><strong>CAR\u00c1CTER DEL CONTRATO<\/strong><\/h3>\nLas presentes condiciones de contrataci\u00f3n son de aplicaci\u00f3n a la compraventa de productos en la web de Agro de Baz\u00e1n, S.A. El idioma de dichas condiciones es el castellano. Estas condiciones de contrataci\u00f3n se redactan de conformidad con lo dispuesto en el Real Decreto Legislativo 1\/2007, de 16 de noviembre, por el que se aprueba el texto refundido de la Ley General para la Defensa de los Consumidores y Usuarios y tendr\u00e1n fuerza de contrato entre las partes una que sean aceptadas.\n\n<strong>\u00a0<\/strong>\n<h3><strong>QUIENES SOMOS<\/strong><\/h3>\nEl prestador de servicios es Agro de Baz\u00e1n, S.A (en adelante Agro de Baz\u00e1n) con domicilio a efectos de notificaciones en Lugar de Tremoedo 46, 36628, Vilanova de Arousa, Pontevedra, y n\u00famero de Identificaci\u00f3n Fiscal A-36034668.\n\n&nbsp;\n<h3><strong>CONTENIDOS E INFORMACI\u00d3N SUMINISTRADA EN LA P\u00c1GINA<\/strong><\/h3>\nAGRO DE BAZ\u00c1N se reserva el derecho a modificar la oferta comercial presentada en su p\u00e1gina (modificaciones sobre productos, precios, promociones y cualquier otra condici\u00f3n de los productos y servicios ofrecidos) en cualquier momento.\n\nAGRO DE BAZ\u00c1N hace todos los esfuerzos dentro de sus medios para ofrecer la informaci\u00f3n contenida en el website de forma veraz y sin errores tipogr\u00e1ficos.\n\nEn el caso que en alg\u00fan momento se produjera alg\u00fan error de este tipo, ajeno en todo momento a la voluntad de\u00a0AGRO DE BAZ\u00c1N se proceder\u00eda inmediatamente a su correcci\u00f3n. De existir un error tipogr\u00e1fico en alguno de los precios mostrados y alg\u00fan cliente hubiera tomado una decisi\u00f3n de compra basada en dicho error,\u00a0AGRO DE BAZ\u00c1N le comunicar\u00e1 al cliente dicho error y el cliente tendr\u00e1 derecho a rescindir su compra sin ning\u00fan coste por su parte.\n\nLos contenidos del espacio web www.agrodebazan.com podr\u00edan, en ocasiones, mostrar informaci\u00f3n provisional sobre algunos productos. En el caso que la informaci\u00f3n facilitada no correspondiera a las caracter\u00edsticas del producto el cliente tendr\u00e1 derecho a rescindir su compra sin ning\u00fan coste por su parte.\n\n&nbsp;\n<h3><strong>\u00bfC\u00d3MO PUEDO HACER UN PEDIDO?<\/strong><\/h3>\nPara realizar un pedido usted debe ser mayor de 18 a\u00f1os. Puede hacer un pedido mediante\n<ul>\n \t<li>Su cuenta de usuario como usuario registrado<\/li>\n \t<li>Como invitado sin registro<\/li>\n<\/ul>\nEl usuario independientemente del sistema que adopte, \u00a0puede navegar entre los distintos productos y seleccionar el que desee a\u00f1adi\u00e9ndolo a su carrito de la compra. Puede a\u00f1adir tantos productos distintos o unidades del mismo producto como desee.\n\nUna vez que desee finalizar la compra debe pulsar en el bot\u00f3n correspondiente pudiendo realizar el pago sin estar registrado o mediante los datos de usuario registrado.\n\nAntes de finalizar el proceso de pago el usuario podr\u00e1 ver el coste final y completo de su pedido el cual ser\u00e1 enviado a su correo electr\u00f3nico una vez formalizado el pedido.\n\nUna vez que haya efectuado el pago recibir\u00e1 en su correo electr\u00f3nico una confirmaci\u00f3n de compra con un resumen del pedido y de las condiciones de venta.\n\nDentro del inter\u00e9s leg\u00edtimo del vendedor podremos informarle sobre las incidencias relativas a su pedido a trav\u00e9s de los medios de contacto facilitados, incluidos servicios de mensajer\u00eda instant\u00e1nea.\n\nEn caso de que el usuario opte por cancelar las notificaciones por medios electr\u00f3nicos podr\u00e1 dejar de recibir notificaciones importantes relativas a su pedido, no haci\u00e9ndose Agro de Baz\u00e1n responsable de demoras en la entrega por tal circunstancia.\n\n&nbsp;\n<h3><strong>DISPONIBILIDAD DE LOS PRODUCTOS<\/strong><\/h3>\nAGRO DE BAZ\u00c1N garantiza a sus clientes la disponibilidad y el plazo de entrega de los productos que se ofrecen en su website. Todos los productos est\u00e1n sujetos a l\u00edmite de existencias.\n\nSi alg\u00fan producto no estuviese disponible una vez realizado el pedido, le informaremos con la mayor brevedad posible. En tal caso podr\u00e1 resolver su compra y se le devolver\u00e1 el importe integro de la misma por el mismo medio de pago realizado.\n\nEl precio de los productos ser\u00e1 el que se estipule en cada momento en nuestro sitio web.\n\n&nbsp;\n<h3><strong>\u00c1MBITO GEOGR\u00c1FICO<\/strong><\/h3>\nAgro de Baz\u00e1n \u00fanicamente env\u00eda sus productos a pen\u00ednsula y baleares. Cualquier pedido recibido que tenga por destino cualquier otra ubicaci\u00f3n geogr\u00e1fica ser\u00e1 anulado de forma autom\u00e1tica. El usuario recibir\u00e1 una comunicaci\u00f3n indic\u00e1ndole la cancelaci\u00f3n del mismo.\n\n&nbsp;\n<h3><strong>IMPUESTO SOBRE EL VALOR A\u00d1ADIDO<\/strong><\/h3>\nLos precios de los productos expuestos en la p\u00e1gina web\u00a0<a href=\"http:\/\/www.tienda-nautica-online.com\">www.agrodebazan.com<\/a>, incluyen el Impuesto sobre el Valor A\u00f1adido (IVA).\n\nLas compras que vayan a ser entregadas dentro del territorio de cualquiera de los estados miembros de la Uni\u00f3n Europea estar\u00e1n sujetas a IVA.\n\n&nbsp;\n<h3><strong>FORMA DE PAGO<\/strong><\/h3>\nAl formular el pedido, el cliente puede elegir abonar las compras que realice mediante pasarela de pago que acepta pago con tarjeta de d\u00e9bito\/cr\u00e9dito.\n\nSi desea obtener factura de su compra puede solicitarla a <a href=\"mailto:info@agrodebazan.com\">agrodebazan@agrodebazan.com<\/a>.\n\n&nbsp;\n<h3><strong>GASTOS, FORMA Y PLAZOS DE ENV\u00cdO<\/strong><\/h3>\nLos gastos de env\u00edo aplicables a nuestros pedidos son en todos los casos de 9 euros, salvo en aquellos pedidos superiores a 6 botellas, para estos \u00faltimos los gastos de env\u00edo se encuentran incluidos para pedidos con destino dentro de la pen\u00ednsula.\n\nTodos los pedidos se entregar\u00e1n en un plazo de uno a cuatro d\u00edas laborales a partir del momento de la compra.\n\nEl env\u00edo se realiza a trav\u00e9s de Dachser aunque puntualmente y por causas de log\u00edstica se puede contratar otro servicio. El momento de recibir el resumen de su compra se le notificar\u00e1 un localizador para que pueda consultar el estado de su env\u00edo.\n\nLa entrega se llevar\u00e1 a cabo en la direcci\u00f3n se\u00f1alada en el momento de la compra. En caso de no encontrarse en ese momento el destinatario se le dejar\u00e1 un aviso para que proceda a recogerlo en las oficinas de correos m\u00e1s cercanas a su domicilio.\n\nAGRO DE BAZ\u00c1N env\u00eda sus pedidos en un embalaje especialmente dise\u00f1ado para proteger sus productos durante el transporte y minimizar la posibilidad de accidentes y deterioros. Adem\u00e1s, todos nuestros env\u00edos est\u00e1n garantizados y cuentan con un seguro contra p\u00e9rdida o rotura.\n\n&nbsp;\n<h3><strong>GARANT\u00cdA DE DEVOLUCI\u00d3N<\/strong><\/h3>\nAnte un eventual da\u00f1o producido durante el transporte, AGRO DE BAZ\u00c1N se encarga de su recuperaci\u00f3n y le prepara un nuevo env\u00edo inmediatamente.\n\nDe igual modo, ofrecemos la posibilidad de devolver o reemplazar parte o la totalidad de su pedido en el caso de que el producto recibido no estuviera en condiciones.\n\nEn caso de devoluci\u00f3n porque el producto presente defectos de fabricaci\u00f3n, AGRO DE BAZ\u00c1N correr\u00e1 adem\u00e1s con los costes de env\u00edo. En estos casos el cliente dispondr\u00e1 de 30 d\u00edas naturales para proceder a la devoluci\u00f3n del producto.\n\nEl cliente podr\u00e1 devolver cualquier art\u00edculo que haya comprado en nuestra tienda, siempre y cuando los productos presenten alg\u00fan desperfecto y no hayan sido usados.\n\nEn estos casos, AGRO DE BAZ\u00c1N, devolver\u00e1 el dinero de la compra a trav\u00e9s del mismo medio de pago o bien a trav\u00e9s de un abono en la cuenta del usuario mediante cr\u00e9ditos. Tambi\u00e9n se puede, si lo prefiere, recibir un nuevo producto sin coste.\n\nSi un producto distinto al solicitado por el cliente fuera entregado por error de AGRO DE BAZ\u00c1N, se le entregar\u00e1 el producto correcto sin ning\u00fan cargo adicional para el comprador, corriendo AGRO DE BAZ\u00c1N, con los gastos de transporte de la devoluci\u00f3n y del nuevo env\u00edo.\n\nAGRO DE BAZ\u00c1N no se hace responsable del mal uso o manipulaci\u00f3n del producto por parte del cliente. En tal caso AGRO DE BAZ\u00c1N, no se hace responsable del mismo y no proceder\u00e1 a su devoluci\u00f3n.\n\nPara cualquier incidencia relacionada con la devoluci\u00f3n de art\u00edculos de nuestra tienda puede contactar con nuestro departamento de Atenci\u00f3n al cliente v\u00eda email agrodebazan@agrodebazan.com.\n\n&nbsp;\n<h3><strong>DERECHO DE DESESTIMIENTO <\/strong><\/h3>\nEn caso de que el pedido no se ajuste a sus expectativas, dispone de 14 d\u00edas naturales para devolvernos su pedido con total libertad y sin coste alguno para usted, salvo los gastos de devoluci\u00f3n que correr\u00e1n por cuenta del cliente.\u00a0 Puede ejercer dicho derecho mediante nuestro formulario pinchando aqu\u00ed.\n\n&nbsp;\n<h3><strong>OBLIGACIONES DEL CLIENTE<\/strong><\/h3>\nEl cliente se compromete en todo momento a facilitar informaci\u00f3n veraz sobre los datos solicitados en los formularios de registro de usuario o de realizaci\u00f3n del pedido, y a mantenerlos actualizados en todo momento, as\u00ed como custodiar con diligencia las claves de acceso que se le proporcionen para el acceso a la p\u00e1gina web.\n\nEl cliente se compromete a aceptar todas las disposiciones y condiciones recogidas en las presentes Condiciones Generales de Contrataci\u00f3n entendiendo que recogen la mejor voluntad de servicio posible para el tipo de actividad que desarrolla\u00a0AGRO DE BAZ\u00c1N.\n\nEl cliente se compromete a posibilitar la entrega del pedido solicitado facilitando una direcci\u00f3n de entrega en la que pueda ser entregado el pedido solicitado dentro del horario habitual de entrega de mercanc\u00edas (de lunes a viernes de 09:00 a 14:00 y de 16:00 a 19:00) o aquel que le especifique el repartidor en su caso. En caso de incumplimiento por parte del cliente de esta obligaci\u00f3n\u00a0AGRO DE BAZ\u00c1N no tendr\u00e1 ninguna responsabilidad sobre el retraso o imposibilidad de entrega del pedido solicitado por el cliente.\n\n&nbsp;\n<h3><strong>PROTECCI\u00d3N DE DATOS Y CONFIDENCIALIDAD<\/strong><\/h3>\nPara conocer nuestra pol\u00edtica de protecci\u00f3n de datos haga clic\u00a0<a href=\"https:\/\/www.bodegasgranbazan.com\/clausula-adicional\/\" target=\"_blank\" rel=\"noopener noreferrer\"><strong>aqu\u00ed<\/strong><\/a>.\n\nTodas las operaciones de pago on-line se realizan a trav\u00e9s de un servidor seguro, basado en el est\u00e1ndar SSL que protege los datos frente a intentos de violaci\u00f3n por terceros. Los datos del proceso de compra se guardan en una base de datos dise\u00f1ada para tal efecto.\n\nLos datos de compra, en cumplimiento con la legislaci\u00f3n espa\u00f1ola ser\u00e1n conservados al menos durante cinco a\u00f1os por lo que no se podr\u00e1n borrar ni rectificar aunque el cliente as\u00ed lo solicite.\n\n&nbsp;\n<h3><strong>LEGISLACI\u00d3N APLICABLE Y FUERO<\/strong><\/h3>\nLa legislaci\u00f3n aplicable para resolver cualquier conflicto respecto a la interpretaci\u00f3n de estas condiciones, es la legislaci\u00f3n espa\u00f1ola, as\u00ed como los Tratados Internacionales que haya suscrito Espa\u00f1a.\n\nLas partes se someten, a su elecci\u00f3n, para la resoluci\u00f3n de los conflictos y con renuncia a cualquier otro fuero, a los juzgados y tribunales del domicilio del usuario.\n\n&nbsp;\n<h3><strong>COMO PONERSE EN CONTACTO<\/strong><\/h3>\nSi desea aclarar cualquier aspecto acerca de las condiciones de uso descritas, puede dirigirse a las siguientes direcciones:\n\nSi desea aclarar cualquier aspecto acerca de las condiciones de uso descritas, puede dirigirse a las siguientes direcciones:\n\nagrodebazan@agrodebazan.com si lo hace a trav\u00e9s de correo electr\u00f3nico o bien por escrito a Agro de Baz\u00e1n, S.A, lugar de Tremoedo 46, 36628, Vilanova de Arousa, Pontevedra.\n\n&nbsp;\n<h3><strong>FORMULARIO DE DESISTIMIENTO\n<\/strong><\/h3>\nSi desea ejercer su derecho de desistimiento en relaci\u00f3n del contrato descarga el formulario de desistimiento pulsando <strong><a href=\"..\/wp-content\/uploads\/2019\/03\/desistimiento.pdf\">Aqu\u00ed<\/a><\/strong>\t\t\t\t\t\t\t\t<\/div>\n\t\t\t\t<\/div>\n\t\t\t\t\t<\/div>\n\t\t\t\t<\/div>\n\t\t\t\t<\/div>\n\t\t","protected":false},"excerpt":{"rendered":"<p>CONDICIONES GENERALES DE CONTRATACI\u00d3N CAR\u00c1CTER DEL CONTRATO Las presentes condiciones de contrataci\u00f3n son de aplicaci\u00f3n a la compraventa de productos en la web de Agro de Baz\u00e1n, S.A. El idioma de dichas condiciones es el castellano. Estas condiciones de contrataci\u00f3n se redactan de conformidad con lo dispuesto en el Real Decreto Legislativo 1\/2007, de 16 [&hellip;]<\/p>\n","protected":false},"author":1,"featured_media":0,"parent":0,"menu_order":0,"comment_status":"closed","ping_status":"open","template":"","meta":{"_acf_changed":false,"footnotes":""},"class_list":["post-15328","page","type-page","status-publish","hentry"],"acf":[],"yoast_head":"<!-- This site is optimized with the Yoast SEO plugin v27.5 - https:\/\/yoast.com\/product\/yoast-seo-wordpress\/ -->\n<title>Condiciones generales de contrataci\u00f3n - Granbaz\u00e1n - Bodegas GRANBAZ\u00c1N<\/title>\n<meta name=\"robots\" content=\"index, follow, max-snippet:-1, max-image-preview:large, max-video-preview:-1\" \/>\n<link rel=\"canonical\" href=\"https:\/\/www.bodegasgranbazan.com\/condiciones-generales\/\" \/>\n<meta property=\"og:locale\" content=\"es_ES\" \/>\n<meta property=\"og:type\" content=\"article\" \/>\n<meta property=\"og:title\" content=\"Condiciones generales de contrataci\u00f3n - Granbaz\u00e1n - Bodegas GRANBAZ\u00c1N\" \/>\n<meta property=\"og:description\" content=\"CONDICIONES GENERALES DE CONTRATACI\u00d3N CAR\u00c1CTER DEL CONTRATO Las presentes condiciones de contrataci\u00f3n son de aplicaci\u00f3n a la compraventa de productos en la web de Agro de Baz\u00e1n, S.A. El idioma de dichas condiciones es el castellano. Estas condiciones de contrataci\u00f3n se redactan de conformidad con lo dispuesto en el Real Decreto Legislativo 1\/2007, de 16 [&hellip;]\" \/>\n<meta property=\"og:url\" content=\"https:\/\/www.bodegasgranbazan.com\/condiciones-generales\/\" \/>\n<meta property=\"og:site_name\" content=\"Granbaz\u00e1n - Bodegas GRANBAZ\u00c1N\" \/>\n<meta property=\"article:modified_time\" content=\"2026-01-20T15:53:21+00:00\" \/>\n<meta name=\"twitter:card\" content=\"summary_large_image\" \/>\n<meta name=\"twitter:label1\" content=\"Tiempo de lectura\" \/>\n\t<meta name=\"twitter:data1\" content=\"8 minutos\" \/>\n<script type=\"application\/ld+json\" class=\"yoast-schema-graph\">{\"@context\":\"https:\\\/\\\/schema.org\",\"@graph\":[{\"@type\":\"WebPage\",\"@id\":\"https:\\\/\\\/www.bodegasgranbazan.com\\\/condiciones-generales\\\/\",\"url\":\"https:\\\/\\\/www.bodegasgranbazan.com\\\/condiciones-generales\\\/\",\"name\":\"Condiciones generales de contrataci\u00f3n - Granbaz\u00e1n - Bodegas GRANBAZ\u00c1N\",\"isPartOf\":{\"@id\":\"https:\\\/\\\/www.bodegasgranbazan.com\\\/#website\"},\"datePublished\":\"2026-01-20T15:52:02+00:00\",\"dateModified\":\"2026-01-20T15:53:21+00:00\",\"breadcrumb\":{\"@id\":\"https:\\\/\\\/www.bodegasgranbazan.com\\\/condiciones-generales\\\/#breadcrumb\"},\"inLanguage\":\"es\",\"potentialAction\":[{\"@type\":\"ReadAction\",\"target\":[\"https:\\\/\\\/www.bodegasgranbazan.com\\\/condiciones-generales\\\/\"]}]},{\"@type\":\"BreadcrumbList\",\"@id\":\"https:\\\/\\\/www.bodegasgranbazan.com\\\/condiciones-generales\\\/#breadcrumb\",\"itemListElement\":[{\"@type\":\"ListItem\",\"position\":1,\"name\":\"Portada\",\"item\":\"https:\\\/\\\/www.bodegasgranbazan.com\\\/\"},{\"@type\":\"ListItem\",\"position\":2,\"name\":\"Condiciones generales de contrataci\u00f3n\"}]},{\"@type\":\"WebSite\",\"@id\":\"https:\\\/\\\/www.bodegasgranbazan.com\\\/#website\",\"url\":\"https:\\\/\\\/www.bodegasgranbazan.com\\\/\",\"name\":\"Bodegas Granbaz\u00e1n\",\"description\":\"Ubicada en el Valle del Saln\u00e9s, en el coraz\u00f3n de las R\u00edas Baixas.\",\"publisher\":{\"@id\":\"https:\\\/\\\/www.bodegasgranbazan.com\\\/#organization\"},\"potentialAction\":[{\"@type\":\"SearchAction\",\"target\":{\"@type\":\"EntryPoint\",\"urlTemplate\":\"https:\\\/\\\/www.bodegasgranbazan.com\\\/?s={search_term_string}\"},\"query-input\":{\"@type\":\"PropertyValueSpecification\",\"valueRequired\":true,\"valueName\":\"search_term_string\"}}],\"inLanguage\":\"es\"},{\"@type\":\"Organization\",\"@id\":\"https:\\\/\\\/www.bodegasgranbazan.com\\\/#organization\",\"name\":\"Bodegas Granbaz\u00e1n\",\"url\":\"https:\\\/\\\/www.bodegasgranbazan.com\\\/\",\"logo\":{\"@type\":\"ImageObject\",\"inLanguage\":\"es\",\"@id\":\"https:\\\/\\\/www.bodegasgranbazan.com\\\/#\\\/schema\\\/logo\\\/image\\\/\",\"url\":\"https:\\\/\\\/www.bodegasgranbazan.com\\\/web26\\\/wp-content\\\/uploads\\\/2026\\\/01\\\/granbazan-logo-def.webp\",\"contentUrl\":\"https:\\\/\\\/www.bodegasgranbazan.com\\\/web26\\\/wp-content\\\/uploads\\\/2026\\\/01\\\/granbazan-logo-def.webp\",\"width\":500,\"height\":264,\"caption\":\"Bodegas Granbaz\u00e1n\"},\"image\":{\"@id\":\"https:\\\/\\\/www.bodegasgranbazan.com\\\/#\\\/schema\\\/logo\\\/image\\\/\"}}]}<\/script>\n<!-- \/ Yoast SEO plugin. -->","yoast_head_json":{"title":"Condiciones generales de contrataci\u00f3n - Granbaz\u00e1n - Bodegas GRANBAZ\u00c1N","robots":{"index":"index","follow":"follow","max-snippet":"max-snippet:-1","max-image-preview":"max-image-preview:large","max-video-preview":"max-video-preview:-1"},"canonical":"https:\/\/www.bodegasgranbazan.com\/condiciones-generales\/","og_locale":"es_ES","og_type":"article","og_title":"Condiciones generales de contrataci\u00f3n - Granbaz\u00e1n - Bodegas GRANBAZ\u00c1N","og_description":"CONDICIONES GENERALES DE CONTRATACI\u00d3N CAR\u00c1CTER DEL CONTRATO Las presentes condiciones de contrataci\u00f3n son de aplicaci\u00f3n a la compraventa de productos en la web de Agro de Baz\u00e1n, S.A. El idioma de dichas condiciones es el castellano. Estas condiciones de contrataci\u00f3n se redactan de conformidad con lo dispuesto en el Real Decreto Legislativo 1\/2007, de 16 [&hellip;]","og_url":"https:\/\/www.bodegasgranbazan.com\/condiciones-generales\/","og_site_name":"Granbaz\u00e1n - Bodegas GRANBAZ\u00c1N","article_modified_time":"2026-01-20T15:53:21+00:00","twitter_card":"summary_large_image","twitter_misc":{"Tiempo de lectura":"8 minutos"},"schema":{"@context":"https:\/\/schema.org","@graph":[{"@type":"WebPage","@id":"https:\/\/www.bodegasgranbazan.com\/condiciones-generales\/","url":"https:\/\/www.bodegasgranbazan.com\/condiciones-generales\/","name":"Condiciones generales de contrataci\u00f3n - Granbaz\u00e1n - Bodegas GRANBAZ\u00c1N","isPartOf":{"@id":"https:\/\/www.bodegasgranbazan.com\/#website"},"datePublished":"2026-01-20T15:52:02+00:00","dateModified":"2026-01-20T15:53:21+00:00","breadcrumb":{"@id":"https:\/\/www.bodegasgranbazan.com\/condiciones-generales\/#breadcrumb"},"inLanguage":"es","potentialAction":[{"@type":"ReadAction","target":["https:\/\/www.bodegasgranbazan.com\/condiciones-generales\/"]}]},{"@type":"BreadcrumbList","@id":"https:\/\/www.bodegasgranbazan.com\/condiciones-generales\/#breadcrumb","itemListElement":[{"@type":"ListItem","position":1,"name":"Portada","item":"https:\/\/www.bodegasgranbazan.com\/"},{"@type":"ListItem","position":2,"name":"Condiciones generales de contrataci\u00f3n"}]},{"@type":"WebSite","@id":"https:\/\/www.bodegasgranbazan.com\/#website","url":"https:\/\/www.bodegasgranbazan.com\/","name":"Bodegas Granbaz\u00e1n","description":"Ubicada en el Valle del Saln\u00e9s, en el coraz\u00f3n de las R\u00edas Baixas.","publisher":{"@id":"https:\/\/www.bodegasgranbazan.com\/#organization"},"potentialAction":[{"@type":"SearchAction","target":{"@type":"EntryPoint","urlTemplate":"https:\/\/www.bodegasgranbazan.com\/?s={search_term_string}"},"query-input":{"@type":"PropertyValueSpecification","valueRequired":true,"valueName":"search_term_string"}}],"inLanguage":"es"},{"@type":"Organization","@id":"https:\/\/www.bodegasgranbazan.com\/#organization","name":"Bodegas Granbaz\u00e1n","url":"https:\/\/www.bodegasgranbazan.com\/","logo":{"@type":"ImageObject","inLanguage":"es","@id":"https:\/\/www.bodegasgranbazan.com\/#\/schema\/logo\/image\/","url":"https:\/\/www.bodegasgranbazan.com\/web26\/wp-content\/uploads\/2026\/01\/granbazan-logo-def.webp","contentUrl":"https:\/\/www.bodegasgranbazan.com\/web26\/wp-content\/uploads\/2026\/01\/granbazan-logo-def.webp","width":500,"height":264,"caption":"Bodegas Granbaz\u00e1n"},"image":{"@id":"https:\/\/www.bodegasgranbazan.com\/#\/schema\/logo\/image\/"}}]}},"_links":{"self":[{"href":"https:\/\/www.bodegasgranbazan.com\/wp-json\/wp\/v2\/pages\/15328","targetHints":{"allow":["GET"]}}],"collection":[{"href":"https:\/\/www.bodegasgranbazan.com\/wp-json\/wp\/v2\/pages"}],"about":[{"href":"https:\/\/www.bodegasgranbazan.com\/wp-json\/wp\/v2\/types\/page"}],"author":[{"embeddable":true,"href":"https:\/\/www.bodegasgranbazan.com\/wp-json\/wp\/v2\/users\/1"}],"replies":[{"embeddable":true,"href":"https:\/\/www.bodegasgranbazan.com\/wp-json\/wp\/v2\/comments?post=15328"}],"version-history":[{"count":5,"href":"https:\/\/www.bodegasgranbazan.com\/wp-json\/wp\/v2\/pages\/15328\/revisions"}],"predecessor-version":[{"id":15335,"href":"https:\/\/www.bodegasgranbazan.com\/wp-json\/wp\/v2\/pages\/15328\/revisions\/15335"}],"wp:attachment":[{"href":"https:\/\/www.bodegasgranbazan.com\/wp-json\/wp\/v2\/media?parent=15328"}],"curies":[{"name":"wp","href":"https:\/\/api.w.org\/{rel}","templated":true}]}}