{"id":1560,"date":"2024-09-20T22:36:05","date_gmt":"2024-09-20T22:36:05","guid":{"rendered":"https:\/\/mdecomunicacion.com\/gb\/?post_type=product&#038;p=1560"},"modified":"2026-04-28T16:16:42","modified_gmt":"2026-04-28T15:16:42","slug":"granbazan-alvaro-de-bazan","status":"publish","type":"product","link":"https:\/\/www.bodegasgranbazan.com\/producto\/granbazan-alvaro-de-bazan\/","title":{"rendered":"<span class=\"highlight\">Granbaz\u00e1n<\/span> D. \u00c1lvaro de Baz\u00e1n Albari\u00f1o"},"content":{"rendered":"<h2 class=\"titulo-col-2\">S\u00f3lo en las mejores a\u00f1adas<\/h2>\n<p>Elaborado a partir de las uvas procedentes de cepas viejas de la parte m\u00e1s alta de la finca de Tremoedo. Suelos muy pobres, con poca carga de fruta, donde se ha hecho deshojado, poda en verde y la incidencia del sol en los racimos es muy alta. El tama\u00f1o de la baya es sensiblemente m\u00e1s peque\u00f1a que la media. Macerado en fr\u00edo, fermentaci\u00f3n a muy baja temperatura seguido de un descanso de 12 meses sobre l\u00edas, aportando al vino una dimensi\u00f3n extra de aromas y redondez en boca. Perfecta evoluci\u00f3n en botella hasta 5 a\u00f1os.<\/p>\n","protected":false},"excerpt":{"rendered":"<p>S\u00f3lo en las mejores a\u00f1adas. Elaborado a partir de las uvas procedentes de cepas viejas de la parte m\u00e1s alta de la finca de Tremoedo.<\/p>\n","protected":false},"featured_media":1561,"template":"","meta":{"_acf_changed":false},"product_brand":[],"product_cat":[30],"product_tag":[],"class_list":{"0":"post-1560","1":"product","2":"type-product","3":"status-publish","4":"has-post-thumbnail","6":"product_cat-vinos","8":"first","9":"instock","10":"taxable","11":"shipping-taxable","12":"purchasable","13":"product-type-simple"},"acf":[],"yoast_head":"<!-- This site is optimized with the Yoast SEO plugin v27.5 - https:\/\/yoast.com\/product\/yoast-seo-wordpress\/ -->\n<title>Granbaz\u00e1n D. \u00c1lvaro de Baz\u00e1n Albari\u00f1o - Granbaz\u00e1n - Bodegas GRANBAZ\u00c1N<\/title>\n<meta name=\"robots\" content=\"index, follow, max-snippet:-1, max-image-preview:large, max-video-preview:-1\" \/>\n<link rel=\"canonical\" href=\"https:\/\/www.bodegasgranbazan.com\/producto\/granbazan-alvaro-de-bazan\/\" \/>\n<meta property=\"og:locale\" content=\"es_ES\" \/>\n<meta property=\"og:type\" content=\"article\" \/>\n<meta property=\"og:title\" content=\"Granbaz\u00e1n D. \u00c1lvaro de Baz\u00e1n Albari\u00f1o - Granbaz\u00e1n - Bodegas GRANBAZ\u00c1N\" \/>\n<meta property=\"og:description\" content=\"S\u00f3lo en las mejores a\u00f1adas. Elaborado a partir de las uvas procedentes de cepas viejas de la parte m\u00e1s alta de la finca de Tremoedo.\" \/>\n<meta property=\"og:url\" content=\"https:\/\/www.bodegasgranbazan.com\/producto\/granbazan-alvaro-de-bazan\/\" \/>\n<meta property=\"og:site_name\" content=\"Granbaz\u00e1n - Bodegas GRANBAZ\u00c1N\" \/>\n<meta property=\"article:modified_time\" content=\"2026-04-28T15:16:42+00:00\" \/>\n<meta property=\"og:image\" content=\"https:\/\/www.bodegasgranbazan.com\/web26\/wp-content\/uploads\/2024\/09\/don-alvaro-de-bazan.jpg\" \/>\n\t<meta property=\"og:image:width\" content=\"800\" \/>\n\t<meta property=\"og:image:height\" content=\"800\" \/>\n\t<meta property=\"og:image:type\" content=\"image\/jpeg\" \/>\n<meta name=\"twitter:card\" content=\"summary_large_image\" \/>\n<meta name=\"twitter:label1\" content=\"Tiempo de lectura\" \/>\n\t<meta name=\"twitter:data1\" content=\"1 minuto\" \/>\n<script type=\"application\/ld+json\" class=\"yoast-schema-graph\">{\"@context\":\"https:\\\/\\\/schema.org\",\"@graph\":[{\"@type\":\"WebPage\",\"@id\":\"https:\\\/\\\/www.bodegasgranbazan.com\\\/producto\\\/granbazan-alvaro-de-bazan\\\/\",\"url\":\"https:\\\/\\\/www.bodegasgranbazan.com\\\/producto\\\/granbazan-alvaro-de-bazan\\\/\",\"name\":\"Granbaz\u00e1n D. \u00c1lvaro de Baz\u00e1n Albari\u00f1o - Granbaz\u00e1n - Bodegas GRANBAZ\u00c1N\",\"isPartOf\":{\"@id\":\"https:\\\/\\\/www.bodegasgranbazan.com\\\/#website\"},\"primaryImageOfPage\":{\"@id\":\"https:\\\/\\\/www.bodegasgranbazan.com\\\/producto\\\/granbazan-alvaro-de-bazan\\\/#primaryimage\"},\"image\":{\"@id\":\"https:\\\/\\\/www.bodegasgranbazan.com\\\/producto\\\/granbazan-alvaro-de-bazan\\\/#primaryimage\"},\"thumbnailUrl\":\"https:\\\/\\\/www.bodegasgranbazan.com\\\/web26\\\/wp-content\\\/uploads\\\/2024\\\/09\\\/don-alvaro-de-bazan.jpg\",\"datePublished\":\"2024-09-20T22:36:05+00:00\",\"dateModified\":\"2026-04-28T15:16:42+00:00\",\"breadcrumb\":{\"@id\":\"https:\\\/\\\/www.bodegasgranbazan.com\\\/producto\\\/granbazan-alvaro-de-bazan\\\/#breadcrumb\"},\"inLanguage\":\"es\",\"potentialAction\":[{\"@type\":\"ReadAction\",\"target\":[\"https:\\\/\\\/www.bodegasgranbazan.com\\\/producto\\\/granbazan-alvaro-de-bazan\\\/\"]}]},{\"@type\":\"ImageObject\",\"inLanguage\":\"es\",\"@id\":\"https:\\\/\\\/www.bodegasgranbazan.com\\\/producto\\\/granbazan-alvaro-de-bazan\\\/#primaryimage\",\"url\":\"https:\\\/\\\/www.bodegasgranbazan.com\\\/web26\\\/wp-content\\\/uploads\\\/2024\\\/09\\\/don-alvaro-de-bazan.jpg\",\"contentUrl\":\"https:\\\/\\\/www.bodegasgranbazan.com\\\/web26\\\/wp-content\\\/uploads\\\/2024\\\/09\\\/don-alvaro-de-bazan.jpg\",\"width\":800,\"height\":800},{\"@type\":\"BreadcrumbList\",\"@id\":\"https:\\\/\\\/www.bodegasgranbazan.com\\\/producto\\\/granbazan-alvaro-de-bazan\\\/#breadcrumb\",\"itemListElement\":[{\"@type\":\"ListItem\",\"position\":1,\"name\":\"Portada\",\"item\":\"https:\\\/\\\/www.bodegasgranbazan.com\\\/\"},{\"@type\":\"ListItem\",\"position\":2,\"name\":\"Tienda\",\"item\":\"https:\\\/\\\/www.bodegasgranbazan.com\\\/tienda\\\/\"},{\"@type\":\"ListItem\",\"position\":3,\"name\":\"Granbaz\u00e1n D. \u00c1lvaro de Baz\u00e1n Albari\u00f1o\"}]},{\"@type\":\"WebSite\",\"@id\":\"https:\\\/\\\/www.bodegasgranbazan.com\\\/#website\",\"url\":\"https:\\\/\\\/www.bodegasgranbazan.com\\\/\",\"name\":\"Bodegas Granbaz\u00e1n\",\"description\":\"Ubicada en el Valle del Saln\u00e9s, en el coraz\u00f3n de las R\u00edas Baixas.\",\"publisher\":{\"@id\":\"https:\\\/\\\/www.bodegasgranbazan.com\\\/#organization\"},\"potentialAction\":[{\"@type\":\"SearchAction\",\"target\":{\"@type\":\"EntryPoint\",\"urlTemplate\":\"https:\\\/\\\/www.bodegasgranbazan.com\\\/?s={search_term_string}\"},\"query-input\":{\"@type\":\"PropertyValueSpecification\",\"valueRequired\":true,\"valueName\":\"search_term_string\"}}],\"inLanguage\":\"es\"},{\"@type\":\"Organization\",\"@id\":\"https:\\\/\\\/www.bodegasgranbazan.com\\\/#organization\",\"name\":\"Bodegas Granbaz\u00e1n\",\"url\":\"https:\\\/\\\/www.bodegasgranbazan.com\\\/\",\"logo\":{\"@type\":\"ImageObject\",\"inLanguage\":\"es\",\"@id\":\"https:\\\/\\\/www.bodegasgranbazan.com\\\/#\\\/schema\\\/logo\\\/image\\\/\",\"url\":\"https:\\\/\\\/www.bodegasgranbazan.com\\\/web26\\\/wp-content\\\/uploads\\\/2026\\\/01\\\/granbazan-logo-def.webp\",\"contentUrl\":\"https:\\\/\\\/www.bodegasgranbazan.com\\\/web26\\\/wp-content\\\/uploads\\\/2026\\\/01\\\/granbazan-logo-def.webp\",\"width\":500,\"height\":264,\"caption\":\"Bodegas Granbaz\u00e1n\"},\"image\":{\"@id\":\"https:\\\/\\\/www.bodegasgranbazan.com\\\/#\\\/schema\\\/logo\\\/image\\\/\"}}]}<\/script>\n<!-- \/ Yoast SEO plugin. -->","yoast_head_json":{"title":"Granbaz\u00e1n D. \u00c1lvaro de Baz\u00e1n Albari\u00f1o - Granbaz\u00e1n - Bodegas GRANBAZ\u00c1N","robots":{"index":"index","follow":"follow","max-snippet":"max-snippet:-1","max-image-preview":"max-image-preview:large","max-video-preview":"max-video-preview:-1"},"canonical":"https:\/\/www.bodegasgranbazan.com\/producto\/granbazan-alvaro-de-bazan\/","og_locale":"es_ES","og_type":"article","og_title":"Granbaz\u00e1n D. \u00c1lvaro de Baz\u00e1n Albari\u00f1o - Granbaz\u00e1n - Bodegas GRANBAZ\u00c1N","og_description":"S\u00f3lo en las mejores a\u00f1adas. Elaborado a partir de las uvas procedentes de cepas viejas de la parte m\u00e1s alta de la finca de Tremoedo.","og_url":"https:\/\/www.bodegasgranbazan.com\/producto\/granbazan-alvaro-de-bazan\/","og_site_name":"Granbaz\u00e1n - Bodegas GRANBAZ\u00c1N","article_modified_time":"2026-04-28T15:16:42+00:00","og_image":[{"width":800,"height":800,"url":"https:\/\/www.bodegasgranbazan.com\/web26\/wp-content\/uploads\/2024\/09\/don-alvaro-de-bazan.jpg","type":"image\/jpeg"}],"twitter_card":"summary_large_image","twitter_misc":{"Tiempo de lectura":"1 minuto"},"schema":{"@context":"https:\/\/schema.org","@graph":[{"@type":"WebPage","@id":"https:\/\/www.bodegasgranbazan.com\/producto\/granbazan-alvaro-de-bazan\/","url":"https:\/\/www.bodegasgranbazan.com\/producto\/granbazan-alvaro-de-bazan\/","name":"Granbaz\u00e1n D. \u00c1lvaro de Baz\u00e1n Albari\u00f1o - Granbaz\u00e1n - Bodegas GRANBAZ\u00c1N","isPartOf":{"@id":"https:\/\/www.bodegasgranbazan.com\/#website"},"primaryImageOfPage":{"@id":"https:\/\/www.bodegasgranbazan.com\/producto\/granbazan-alvaro-de-bazan\/#primaryimage"},"image":{"@id":"https:\/\/www.bodegasgranbazan.com\/producto\/granbazan-alvaro-de-bazan\/#primaryimage"},"thumbnailUrl":"https:\/\/www.bodegasgranbazan.com\/web26\/wp-content\/uploads\/2024\/09\/don-alvaro-de-bazan.jpg","datePublished":"2024-09-20T22:36:05+00:00","dateModified":"2026-04-28T15:16:42+00:00","breadcrumb":{"@id":"https:\/\/www.bodegasgranbazan.com\/producto\/granbazan-alvaro-de-bazan\/#breadcrumb"},"inLanguage":"es","potentialAction":[{"@type":"ReadAction","target":["https:\/\/www.bodegasgranbazan.com\/producto\/granbazan-alvaro-de-bazan\/"]}]},{"@type":"ImageObject","inLanguage":"es","@id":"https:\/\/www.bodegasgranbazan.com\/producto\/granbazan-alvaro-de-bazan\/#primaryimage","url":"https:\/\/www.bodegasgranbazan.com\/web26\/wp-content\/uploads\/2024\/09\/don-alvaro-de-bazan.jpg","contentUrl":"https:\/\/www.bodegasgranbazan.com\/web26\/wp-content\/uploads\/2024\/09\/don-alvaro-de-bazan.jpg","width":800,"height":800},{"@type":"BreadcrumbList","@id":"https:\/\/www.bodegasgranbazan.com\/producto\/granbazan-alvaro-de-bazan\/#breadcrumb","itemListElement":[{"@type":"ListItem","position":1,"name":"Portada","item":"https:\/\/www.bodegasgranbazan.com\/"},{"@type":"ListItem","position":2,"name":"Tienda","item":"https:\/\/www.bodegasgranbazan.com\/tienda\/"},{"@type":"ListItem","position":3,"name":"Granbaz\u00e1n D. \u00c1lvaro de Baz\u00e1n Albari\u00f1o"}]},{"@type":"WebSite","@id":"https:\/\/www.bodegasgranbazan.com\/#website","url":"https:\/\/www.bodegasgranbazan.com\/","name":"Bodegas Granbaz\u00e1n","description":"Ubicada en el Valle del Saln\u00e9s, en el coraz\u00f3n de las R\u00edas Baixas.","publisher":{"@id":"https:\/\/www.bodegasgranbazan.com\/#organization"},"potentialAction":[{"@type":"SearchAction","target":{"@type":"EntryPoint","urlTemplate":"https:\/\/www.bodegasgranbazan.com\/?s={search_term_string}"},"query-input":{"@type":"PropertyValueSpecification","valueRequired":true,"valueName":"search_term_string"}}],"inLanguage":"es"},{"@type":"Organization","@id":"https:\/\/www.bodegasgranbazan.com\/#organization","name":"Bodegas Granbaz\u00e1n","url":"https:\/\/www.bodegasgranbazan.com\/","logo":{"@type":"ImageObject","inLanguage":"es","@id":"https:\/\/www.bodegasgranbazan.com\/#\/schema\/logo\/image\/","url":"https:\/\/www.bodegasgranbazan.com\/web26\/wp-content\/uploads\/2026\/01\/granbazan-logo-def.webp","contentUrl":"https:\/\/www.bodegasgranbazan.com\/web26\/wp-content\/uploads\/2026\/01\/granbazan-logo-def.webp","width":500,"height":264,"caption":"Bodegas Granbaz\u00e1n"},"image":{"@id":"https:\/\/www.bodegasgranbazan.com\/#\/schema\/logo\/image\/"}}]}},"_links":{"self":[{"href":"https:\/\/www.bodegasgranbazan.com\/wp-json\/wp\/v2\/product\/1560","targetHints":{"allow":["GET"]}}],"collection":[{"href":"https:\/\/www.bodegasgranbazan.com\/wp-json\/wp\/v2\/product"}],"about":[{"href":"https:\/\/www.bodegasgranbazan.com\/wp-json\/wp\/v2\/types\/product"}],"wp:featuredmedia":[{"embeddable":true,"href":"https:\/\/www.bodegasgranbazan.com\/wp-json\/wp\/v2\/media\/1561"}],"wp:attachment":[{"href":"https:\/\/www.bodegasgranbazan.com\/wp-json\/wp\/v2\/media?parent=1560"}],"wp:term":[{"taxonomy":"product_brand","embeddable":true,"href":"https:\/\/www.bodegasgranbazan.com\/wp-json\/wp\/v2\/product_brand?post=1560"},{"taxonomy":"product_cat","embeddable":true,"href":"https:\/\/www.bodegasgranbazan.com\/wp-json\/wp\/v2\/product_cat?post=1560"},{"taxonomy":"product_tag","embeddable":true,"href":"https:\/\/www.bodegasgranbazan.com\/wp-json\/wp\/v2\/product_tag?post=1560"}],"curies":[{"name":"wp","href":"https:\/\/api.w.org\/{rel}","templated":true}]}}

<span class="highlight">Granbazán</span> D. Álvaro de Bazán Albariño

<h2 class="titulo-col-2">Sólo en las mejores añadas</h2>
<p>Elaborado a partir de las uvas procedentes de cepas viejas de la parte más alta de la finca de Tremoedo. Suelos muy pobres, con poca carga de fruta, donde se ha hecho deshojado, poda en verde y la incidencia del sol en los racimos es muy alta. El tamaño de la baya es sensiblemente más pequeña que la media. Macerado en frío, fermentación a muy baja temperatura seguido de un descanso de 12 meses sobre lías, aportando al vino una dimensión extra de aromas y redondez en boca. Perfecta evolución en botella hasta 5 años.</p>

<p>Sólo en las mejores añadas. Elaborado a partir de las uvas procedentes de cepas viejas de la parte más alta de la finca de Tremoedo.</p>

<!-- This site is optimized with the Yoast SEO plugin v27.5 - https://yoast.com/product/yoast-seo-wordpress/ -->
<title>Granbazán D. Álvaro de Bazán Albariño - Granbazán - Bodegas GRANBAZÁN</title>
<meta name="robots" content="index, follow, max-snippet:-1, max-image-preview:large, max-video-preview:-1" />
<link rel="canonical" href="https://www.bodegasgranbazan.com/producto/granbazan-alvaro-de-bazan/" />
<meta property="og:locale" content="es_ES" />
<meta property="og:type" content="article" />
<meta property="og:title" content="Granbazán D. Álvaro de Bazán Albariño - Granbazán - Bodegas GRANBAZÁN" />
<meta property="og:description" content="Sólo en las mejores añadas. Elaborado a partir de las uvas procedentes de cepas viejas de la parte más alta de la finca de Tremoedo." />
<meta property="og:url" content="https://www.bodegasgranbazan.com/producto/granbazan-alvaro-de-bazan/" />
<meta property="og:site_name" content="Granbazán - Bodegas GRANBAZÁN" />
<meta property="article:modified_time" content="2026-04-28T15:16:42+00:00" />
<meta property="og:image" content="https://www.bodegasgranbazan.com/web26/wp-content/uploads/2024/09/don-alvaro-de-bazan.jpg" />
	<meta property="og:image:width" content="800" />
	<meta property="og:image:height" content="800" />
	<meta property="og:image:type" content="image/jpeg" />
<meta name="twitter:card" content="summary_large_image" />
<meta name="twitter:label1" content="Tiempo de lectura" />
	<meta name="twitter:data1" content="1 minuto" />
<script type="application/ld+json" class="yoast-schema-graph">{"@context":"https:\/\/schema.org","@graph":[{"@type":"WebPage","@id":"https:\/\/www.bodegasgranbazan.com\/producto\/granbazan-alvaro-de-bazan\/","url":"https:\/\/www.bodegasgranbazan.com\/producto\/granbazan-alvaro-de-bazan\/","name":"Granbazán D. Álvaro de Bazán Albariño - Granbazán - Bodegas GRANBAZÁN","isPartOf":{"@id":"https:\/\/www.bodegasgranbazan.com\/#website"},"primaryImageOfPage":{"@id":"https:\/\/www.bodegasgranbazan.com\/producto\/granbazan-alvaro-de-bazan\/#primaryimage"},"image":{"@id":"https:\/\/www.bodegasgranbazan.com\/producto\/granbazan-alvaro-de-bazan\/#primaryimage"},"thumbnailUrl":"https:\/\/www.bodegasgranbazan.com\/web26\/wp-content\/uploads\/2024\/09\/don-alvaro-de-bazan.jpg","datePublished":"2024-09-20T22:36:05+00:00","dateModified":"2026-04-28T15:16:42+00:00","breadcrumb":{"@id":"https:\/\/www.bodegasgranbazan.com\/producto\/granbazan-alvaro-de-bazan\/#breadcrumb"},"inLanguage":"es","potentialAction":[{"@type":"ReadAction","target":["https:\/\/www.bodegasgranbazan.com\/producto\/granbazan-alvaro-de-bazan\/"]}]},{"@type":"ImageObject","inLanguage":"es","@id":"https:\/\/www.bodegasgranbazan.com\/producto\/granbazan-alvaro-de-bazan\/#primaryimage","url":"https:\/\/www.bodegasgranbazan.com\/web26\/wp-content\/uploads\/2024\/09\/don-alvaro-de-bazan.jpg","contentUrl":"https:\/\/www.bodegasgranbazan.com\/web26\/wp-content\/uploads\/2024\/09\/don-alvaro-de-bazan.jpg","width":800,"height":800},{"@type":"BreadcrumbList","@id":"https:\/\/www.bodegasgranbazan.com\/producto\/granbazan-alvaro-de-bazan\/#breadcrumb","itemListElement":[{"@type":"ListItem","position":1,"name":"Portada","item":"https:\/\/www.bodegasgranbazan.com\/"},{"@type":"ListItem","position":2,"name":"Tienda","item":"https:\/\/www.bodegasgranbazan.com\/tienda\/"},{"@type":"ListItem","position":3,"name":"Granbazán D. Álvaro de Bazán Albariño"}]},{"@type":"WebSite","@id":"https:\/\/www.bodegasgranbazan.com\/#website","url":"https:\/\/www.bodegasgranbazan.com\/","name":"Bodegas Granbazán","description":"Ubicada en el Valle del Salnés, en el corazón de las Rías Baixas.","publisher":{"@id":"https:\/\/www.bodegasgranbazan.com\/#organization"},"potentialAction":[{"@type":"SearchAction","target":{"@type":"EntryPoint","urlTemplate":"https:\/\/www.bodegasgranbazan.com\/?s={search_term_string}"},"query-input":{"@type":"PropertyValueSpecification","valueRequired":true,"valueName":"search_term_string"}}],"inLanguage":"es"},{"@type":"Organization","@id":"https:\/\/www.bodegasgranbazan.com\/#organization","name":"Bodegas Granbazán","url":"https:\/\/www.bodegasgranbazan.com\/","logo":{"@type":"ImageObject","inLanguage":"es","@id":"https:\/\/www.bodegasgranbazan.com\/#\/schema\/logo\/image\/","url":"https:\/\/www.bodegasgranbazan.com\/web26\/wp-content\/uploads\/2026\/01\/granbazan-logo-def.webp","contentUrl":"https:\/\/www.bodegasgranbazan.com\/web26\/wp-content\/uploads\/2026\/01\/granbazan-logo-def.webp","width":500,"height":264,"caption":"Bodegas Granbazán"},"image":{"@id":"https:\/\/www.bodegasgranbazan.com\/#\/schema\/logo\/image\/"}}]}</script>
<!-- / Yoast SEO plugin. -->

Granbazán D. Álvaro de Bazán Albariño - Granbazán - Bodegas GRANBAZÁN

Sólo en las mejores añadas. Elaborado a partir de las uvas procedentes de cepas viejas de la parte más alta de la finca de Tremoedo.

Granbazán - Bodegas GRANBAZÁN

Granbazán D. Álvaro de Bazán Albariño

Bodegas Granbazán

Ubicada en el Valle del Salnés, en el corazón de las Rías Baixas.
